e of 453?
False
Is 314100219 a multiple of 753?
False
Is 32636304 a multiple of 432?
True
Does 119 divide 1339072152?
False
Is 2457991910 a multiple of 17?
False
Is 131 a factor of 1141818507?
False
Is 458140140 a multiple of 563?
False
Is 8 a factor of 187128?
True
Is 16 a factor of 111997552?
True
Is 2576073132 a multiple of 2229?
True
Does 7066 divide 641642262?
True
Is 88 a factor of 1078512523?
False
Is 533491778 a multiple of 7?
False
Does 22 divide 847735049?
False
Does 2737 divide 292374474?
False
Is 2584267 even?
False
Is 9382719 a multiple of 716?
False
Does 452 divide 1764608?
True
Is 48 a factor of 620128785?
False
Is 334 a factor of 158674382?
True
Is 71 a factor of 2849227728?
True
Is 20 a factor of 8430700?
True
Does 61 divide 22055636?
False
Is 15162263 a multiple of 4408?
False
Does 60 divide 8469300?
True
Is 255 a factor of 5078835?
True
Does 39 divide 3407608?
False
Does 181 divide 74529827?
True
Is 12279600 a multiple of 1137?
True
Is 12 a factor of 43651956?
True
Is 82562483 a multiple of 278?
False
Is 4 a factor of 23691582?
False
Is 392 a factor of 14616458?
False
Is 715392 a multiple of 72?
True
Is 190337986 a multiple of 32?
False
Is 811 a factor of 12462763?
False
Does 565 divide 25120465?
True
Is 928687180 a multiple of 305?
True
Does 9 divide 195794107?
False
Is 228 a factor of 203694060?
True
Is 364 a factor of 37776072?
False
Is 1841 a factor of 1436991990?
False
Is 77 a factor of 555353260?
True
Does 27 divide 156288852?
True
Is 3642 a factor of 463801416?
True
Is 9719157 a multiple of 181?
True
Does 756 divide 61164936?
True
Does 1027 divide 711148204?
True
Is 1064 a factor of 2887368288?
True
Is 15 a factor of 98809230?
True
Is 3608 a factor of 70873943?
False
Does 1311 divide 569954150?
False
Is 166789638 a multiple of 1247?
False
Is 481860968 a multiple of 131?
True
Is 10720011 a multiple of 236?
False
Is 106764268 a multiple of 38?
True
Does 88 divide 162444132?
False
Is 186735009 a multiple of 8?
False
Is 216 a factor of 186094800?
True
Is 78204064 a multiple of 1049?
False
Does 30 divide 28083081?
False
Is 10388320 a multiple of 160?
True
Is 7 a factor of 44611486?
False
Is 259608 a multiple of 29?
True
Is 538 a factor of 376245285?
False
Is 297074500 a multiple of 54?
False
Is 21740994 a multiple of 20?
False
Is 1128 a factor of 5997719256?
True
Is 575 a factor of 122148137?
False
Does 862 divide 73905583?
False
Does 226 divide 23128617?
False
Is 2506 a factor of 79585605?
False
Is 22 a factor of 124120150?
True
Is 4762984 a multiple of 4?
True
Does 1810 divide 8645706?
False
Is 2258756550 a multiple of 8730?
True
Is 8 a factor of 145839622?
False
Does 3436 divide 369242868?
True
Is 8015463 a multiple of 64?
False
Does 19 divide 41351733?
True
Does 207 divide 661625296?
False
Does 138 divide 138064397?
False
Is 10 a factor of 4278065?
False
Is 225 a factor of 943217411?
False
Does 60 divide 400230300?
True
Is 31678451 a multiple of 343?
True
Is 92729094 a multiple of 79?
True
Is 16944058 a multiple of 47?
False
Is 757492722 a multiple of 1539?
True
Does 3360 divide 895376160?
True
Is 137 a factor of 3173194?
True
Is 191176297 a multiple of 71?
False
Is 1131601370 a multiple of 10?
True
Does 13 divide 20880990?
True
Does 7093 divide 1582053775?
False
Is 1634605381 a multiple of 25?
False
Is 155107022 a multiple of 229?
False
Does 15 divide 55993695?
True
Does 18 divide 106426782?
True
Is 2 a factor of 185894124?
True
Is 231862439 a multiple of 8?
False
Is 409 a factor of 83984307?
False
Is 69 a factor of 55679619?
True
Is 1524 a factor of 379774704?
True
Is 469 a factor of 76171697?
True
Does 2 divide 282632592?
True
Does 3701 divide 235025080?
False
Does 110 divide 313009510?
True
Does 266 divide 107140012?
True
Does 43 divide 502869446?
False
Is 33079156 a multiple of 921?
False
Does 88 divide 2541203896?
True
Is 4722714 a multiple of 6?
True
Does 46 divide 715102476?
True
Is 172 a factor of 1982148?
False
Is 2617 a factor of 294660449?
False
Is 350 a factor of 13057800?
True
Does 4499 divide 262196969?
False
Does 16 divide 93166685?
False
Does 1071 divide 599197725?
True
Is 11 a factor of 28761998?
False
Is 10215642 a multiple of 1087?
False
Does 124 divide 20049060?
False
Does 238 divide 11279296?
True
Is 128 a factor of 4777457?
False
Is 19 a factor of 204682364?
True
Is 3566963376 a multiple of 24?
True
Does 3613 divide 20639313?
False
Is 160332170 a multiple of 191?
False
Does 86 divide 1636827594?
True
Does 5954 divide 2275118664?
True
Is 6589467 a multiple of 33?
False
Is 19453654 a multiple of 242?
True
Does 4 divide 478984050?
False
Does 6 divide 27639336?
True
Does 23 divide 11281963?
False
Does 2860 divide 652920840?
True
Is 118222747 a multiple of 209?
False
Is 474315 a multiple of 2?
False
Does 99 divide 78425308?
False
Is 62766936 a multiple of 6?
True
Is 130 a factor of 10720710?
True
Is 31180788 a multiple of 6?
True
Does 204 divide 523471223?
False
Does 332 divide 118540313?
False
Does 49 divide 43816976?
True
Is 52745280 a multiple of 668?
True
Does 8 divide 22594104?
True
Does 16 divide 23084912?
True
Does 65 divide 79608000?
False
Is 10 a factor of 819609?
False
Is 16537195 a multiple of 401?
False
Does 1478 divide 96489197?
False
Does 4895 divide 623368054?
False
Does 244 divide 79575720?
True
Does 59 divide 27698140?
True
Does 1876 divide 42470764?
True
Does 969 divide 14517754?
False
Does 2480 divide 1024455760?
True
Does 119 divide 1523015?
False
Is 51 a factor of 239028228?
True
Is 167692121 a multiple of 3868?
False
Is 9 a factor of 30948643?
False
Does 32 divide 112971584?
True
Is 10 a factor of 342110591?
False
Is 18803949 a multiple of 5?
False
Is 3867444063 a multiple of 9?
True
Does 666 divide 575745026?
False
Is 1075889672 a multiple of 979?
True
Does 31 divide 10410489?
False
Does 3 divide 5997663?
True
Is 2924 a factor of 493995180?
True
Does 264 divide 40434875?
False
Is 187861740 a multiple of 1065?
True
Is 12 a factor of 29292000?
True
Is 1897 a factor of 58173408?
False
Is 8951098 a multiple of 511?
False
Is 11 a factor of 167338518?
False
Is 29 a factor of 2288924006?
True
Does 24 divide 1682266133?
False
Is 412 a factor of 69607359?
False
Does 36 divide 57769344?
True
Is 1518780250 a multiple of 10?
True
Is 91171476 a multiple of 36?
True
Is 237648226 a multiple of 5?
False
Does 11 divide 135945633?
False
Does 3526 divide 126550889?
False
Does 88 divide 2796757304?
True
Is 191222577 a multiple of 514?
False
Is 746389865 a multiple of 34?
False
Is 23 a factor of 1125281693?
True
Is 443215281 a multiple of 100?
False
Is 10548791 a multiple of 61?
True
Does 379 divide 15230087?
False
Is 51044571 a multiple of 9?
True
Is 9698294 a multiple of 453?
False
Is 1661238520 a multiple of 420?
False
Is 2907636831 a multiple of 8613?
True
Is 2804737162 a multiple of 83?
True
Does 235 divide 27173285?
True
Is 97 a factor of 1411383659?
True
Is 41696761 a multiple of 6?
False
Is 2714764043 a multiple of 517?
False
Is 3547703604 a multiple of 18?
False
Is 56 a factor of 1040763471?
False
Is 49037450 a multiple of 550?
True
Does 2 divide 1081421196?
True
Does 941 divide 1380851630?
True
Does 454 divide 34221612?
True
Is 3641021361 a multiple of 5751?
True
Is 98616019 a multiple of 77?
False
Is 9971676 a multiple of 39?
True
Is 613 a factor of 28758282?
True
Does 32 divide 159292741?
False
Is 2502640 a multiple of 1526?
True
Is 5 a factor of 132760204?
False
Is 11487945 a multiple of 3?
True
Does 320 divide 2232893?
False
Is 20 a factor of 883616262?
False
Is 606553241 a multiple of 230?
False
Is 132828929 a multiple of 9?
False
Is 255018710 a multiple of 167?
False
Does 203 divide 176215331?
False
Does 384 divide 7003008?
True
Is 35 a factor of 313096665?
True
Does 15 divide 851249955?
True
Is 15837203 a multiple of 37?
False
Is 348020820 a multiple of 84?
True
Is 36 a factor of 2258158752?
True
Is 9 a factor of 1190084913?
True
Is 1564947 a multiple of 1341?
True
Is 372909247 a multiple of 1519?
False
Does 11 divide 455494977?
False
Is 2548 a factor of 898949688?
True
Does 426 divide 170403645?
False
Does 86 divide 220268505?
False
Does 266 divide 556334378?
False
Is 214944597 a multiple of 81?
True
Does 50 divide 19258342?
False
Is 42671632 a multiple of 1216?
False
Does 100